v be ((-6)/5)/(3/(-10)). Calculate i(v).
-2
Suppose -16 = -5*f - 3*t, 3*f + 2*f + 2*t - 14 = 0. Let z = f - 0. Let l(x) = 5*x - 4 + 0 + 1. What is l(z)?
7
Let b(a) = -a**3 - 5*a**2 - 5*a - 2. Let p be b(-4). Let d(t) = t**2 - 2 + 2*t**2 - p*t**2. Let g(z) = z**2 - 13*z + 33. Let m be g(9). Give d(m).
7
Let o(v) be the second derivative of v**4/24 - 2*v**3/3 - 3*v**2/2 - v. Let k(y) be the first derivative of o(y). Let q be 3*1*(-1 - 0). Calculate k(q).
-7
Let g(t) = t**2 + t + 1. Let k(j) = j**2 - 12*j + 1. Let x be k(12). Let d(z) = z**3 + 2*z**2 - 7*z - 3. Let h(q) = x*d(q) + 2*g(q). Calculate h(-5).
-1
Let a(c) = 6*c - 23*c**2 - 322 + 322 + 24*c**2. Suppose -40 = 5*x + b, -b = x + 4*b + 32. Give a(x).
7
Let m = -18 + 16. Let v(a) = -7*a - 9. Let y(r) = -6*r - 8. Let k be (30/25)/(2/(-10)). Let x(t) = k*y(t) + 5*v(t). Give x(m).
1
Let q(o) = -5. Let l(y) = -9. Let r(a) = -4*l(a) + 7*q(a). Let x(w) = -w**3 - w**2 - 19. Let s(g) = 4*r(g) + x(g). Calculate s(0).
-15
Let m(g) = g**3 + 6*g**2 - 8*g - 7. Let w be m(-7). Let z be 64/(-8) + (w - 1). Let a(r) = r**3 + 8*r**2 - 9*r - 1. Calculate a(z).
-1
Suppose -18*y = -16*y - 44. Let b(f) = -f**3 - 13*f**2 - 12*f + 8. Let s be b(-12). Let j(v) = -3*v + y - s - 14. What is j(2)?
-6
Let d(w) be the third derivative of -w**4/12 + 3*w**3 - 2*w**2. Let m(f) = -f + 9. Let u(n) = 4*d(n) - 7*m(n). Determine u(0).
9
Let u(i) = -i**3 - 4*i**2 - i - 1. Suppose 5 - 73 = 17*z. Determine u(z).
3
Let g(o) be the first derivative of -7*o**2/2 + o - 2. Let b(q) = -q**3 - 8*q**2 - 7*q + 2. Let t be b(-7). Suppose -2*r + 0 = t. What is g(r)?
8
Let j(a) = 3*a + 8. Let i(m) = -m**3 - 15*m**2 - 43*m + 11. Let w be i(-11). Calculate j(w).
8
Let o(x) = 3*x**2 - x. Let y be (-2)/(-14) + (-3)/(-42)*194. Suppose 4*h - y = -2*n, 6*h = -4*n + 2*h + 12. Calculate o(n).
4
Let c(f) = -3*f + 2. Let y(d) = 22*d. Let j(g) = 14*c(g) + 2*y(g). What is j(0)?
28
Let y(r) = -r**2 - 5*r - 6. Let n = -501 + 496. Calculate y(n).
-6
Let r(a) be the third derivative of a**8/6720 - a**7/504 + a**6/144 - a**5/60 + 3*a**4/8 + 17*a**2. Let z(x) be the second derivative of r(x). Determine z(3).
-5
Let k(u) = 3*u + 12. Suppose 5*j = v + 21, -434*v + 437*v - 5*j + 33 = 0. Give k(v).
-6
Let h(w) be the second derivative of w**4/12 + w**3/6 - 3*w**2 - 74*w. Suppose -6*c + v = -c, 4*c = -3*v. Calculate h(c).
-6
Let k(d) be the third derivative of d**4/4 - d**3/6 - 87*d**2. Give k(5).
29
Suppose -2*o - 65 = q - 61, 4*q = -2*o - 4. Let x(n) = 2*n**2 + n + 6. What is x(q)?
6
Let k(b) = -b**2 + 8*b + 2. Let u(j) be the first derivative of 2*j**3/3 + 9*j**2/2 + 6*j + 12. Let f be u(-6). Suppose 0*i + f = 3*i. What is k(i)?
2
Let c(s) = -s**2 - 7*s + 2. Let x(l) = 2*l**3 + 18*l**2 - 2*l - 13. Let w be x(-9). Suppose -10*f = -w*f + 5*j + 20, 0 = -2*f - 3*j - 5. What is c(f)?
2
Let v(x) = 84 - 43 + x - 37. What is v(-13)?
-9
Let h(s) be the second derivative of 2*s**3/3 - 24*s. Let q(t) = -t**2 + t - 2. Let i be 0/(6*(-1)/(-2)). Let p be q(i). What is h(p)?
-8
Suppose 3*o = o - 20. Let g(c) = -c + 13. Let b(q) = -3*q + 27. Let k(l) = -2*b(l) + 5*g(l). Let p be k(o). Let f(d) = -6*d**2 - d + 1. What is f(p)?
-6
Let l be -1*2*(-2)/4. Let m(k) = -57*k. Determine m(l).
-57
Let o(s) be the third derivative of s**6/120 + 2*s**5/15 + 7*s**4/12 + 4*s**3/3 - 182*s**2. Determine o(-6).
-4
Let u(s) be the second derivative of -s**5/40 - s**4/4 + 5*s**3/2 - 7*s. Let n(w) be the second derivative of u(w). Determine n(-4).
6
Let l(v) = v**3 - v**2. Let k(o) = -9*o**3 + 5 - 8*o + 4*o**3 + 0*o**3. Let i(p) = k(p) + 6*l(p). Give i(7).
-2
Suppose -c + 4*t = -16, 3*t = 3*c - t - 8. Let y(g) = 2*g**3 + 14*g**2 + g**3 + 4 - 4*g**3 - 1 - 18*g**2. What is y(c)?
3
Let x(a) = 7*a**2 + 2*a + 1. Let i = 1 + 1. Suppose c + 3*u = -u + 7, 4*u - 10 = i*c. What is x(c)?
6
Let k(h) = -8*h - 11. Let y(q) = 3*q + 4. Let j(l) = 2*k(l) + 7*y(l). Let v(x) = -4*x - 6. Let a(c) = -3*j(c) - 4*v(c). What is a(-5)?
1
Let h(x) be the third derivative of -x**6/120 - x**5/15 + 7*x**4/24 + 2*x**3/3 + 79*x**2. Calculate h(-5).
-6
Let n = 382 - 378. Let m(l) = -l**3 + 6*l**2 + 7*l - 6. Calculate m(n).
54
Let p(f) = 15*f**3 + 14*f**2 + 14. Let d(r) = 7*r**3 + 6*r**2 + 7. Let j(i) = 13*d(i) - 6*p(i). Determine j(6).
7
Suppose -7*n + 6*n - 2*o - 12 = 0, n - 5*o = 23. Let d(r) = 5 - 1 + r - 3. Calculate d(n).
-1
Let z(o) = o**3 - 3*o**2 - 4*o - 4. Let m(r) = -2*r - 14. Let b(q) = 10*q**3 + 3*q**2 + 5*q + 3. Let h be b(-1). Let t be m(h). What is z(t)?
-4
Let v(w) = 2*w + 3. Suppose -2*g + 39 = -3*u + 7, 3*g - 52 = 5*u. Let j(q) = q**2 + 10*q + 14. Let b be j(u). What is v(b)?
-1
Suppose -d - 5 = -j, -2*j + 6*j = -3*d + 6. Let k be ((d - -1) + (-9)/(-6))*-4. Let s(z) = z**3 + z**2 + 2*z + 3. Calculate s(k).
-5
Let w(p) be the second derivative of 0 + 12*p + 1/12*p**4 + 5/6*p**3 + 3/2*p**2. Give w(-5).
3
Let k(r) be the third derivative of -r**5/60 - 3*r**4/8 + r**3/6 - 2*r**2. Let l(o) = -106*o + 524. Let c be l(5). Calculate k(c).
19
Let n = -545 - -551. Let b(c) = c**2 - 4*c - 12. Give b(n).
0
Let q be ((-15)/6)/((-1)/2). Let v(t) = t**3 - 10*t**2 + 6*t + 3. Let k(y) = 2*y**3 - 21*y**2 + 13*y + 5. Let m(i) = 4*k(i) - 9*v(i). Determine m(q).
8
Let m be (-93)/(-12) - (-12)/(-16). Let c(w) = -m*w + 5*w**2 - 4*w**2 + 6*w + 9. Calculate c(0).
9
Suppose -f + 0*f - r = -6, 18 = 5*f + 2*r. Let t(s) = 2*s - 6*s + 1 + 6 + f*s. Let u = -74 - -79. Determine t(u).
-3
Let k(t) = 71 - 31 + 4*t + 5*t - 42. Give k(-4).
-38
Let y(h) = h - 1. Let z(v) be the third derivative of -2*v**4/3 + 7*v**3/6 - 41*v**2. Let n(g) = -5*y(g) - z(g). Give n(-2).
-24
Let p(d) be the second derivative of 0*d**4 + 1/6*d**3 + 0 + 3/2*d**2 - 1/60*d**5 + 10*d + 1/120*d**6. Let x(a) be the first derivative of p(a). What is x(0)?
1
Let j(v) = -v**2 + 18*v - 9. Let p(i) = 2*i + 39. Let t be p(-11). What is j(t)?
8
Let m(y) be the second derivative of -y**5/20 + y**4/6 - y**3/6 - y**2 + 211*y - 1. Determine m(2).
-4
Let c(s) be the first derivative of -s**3/3 + 4*s**2 + 8*s - 32. Calculate c(10).
-12
Let h(d) = -d**3 + 2*d + 1. Let s be h(-1). Suppose 12 = 4*m - s*m. Suppose -m*n = -7*n + 16. Let z(a) = -a**3 + 5*a**2 - 3*a - 3. Give z(n).
1
Let g(a) = 16*a**2 - 2*a + 1. Suppose 0 = -4*h + t, 0 = -2*h - h - 3*t + 15. Calculate g(h).
15
Let m(w) be the third derivative of -w**4/12 - w**3/6 + 5*w**2 - 1. Give m(-3).
5
Let z(k) = k + 13. Let s(c) = -6*c - 4. Let m be s(1). Let h be z(m). Let l(o) = -11*o + h + 5*o + o + o. Calculate l(2).
-5
Let v(r) = r**3 - 7*r**2 + r - 6. Let n be v(7). Let p(m) = -3*m**2 - 3*m + 2. Give p(n).
-4
Let z(h) be the third derivative of -13*h**4/24 - h**3/6 + h**2 + 7. Calculate z(-1).
12
Let p(n) be the third derivative of -n**4/12 - 2*n**3/3 - 46*n**2 + 3. Determine p(-5).
6
Let z(v) be the second derivative of -v**3/6 - v. Let o be -5*-4*(-1)/(-10). Suppose 0 = o*k + k. Give z(k).
0
Let x(i) = -i**3 + 7*i**2 + 7*i - 3. Suppose 12 = 3*p, 0*p - 36 = -2*v - 5*p. Determine x(v).
-11
Let g(h) = -9*h - 1. Suppose -5*d - 17 = 4*r, 0*d + 2*r = 2*d - 4. Let j be g(d). Let q be -5 + 4*6/j. Let m(y) = -y. What is m(q)?
2
Let z(d) = 5*d**2 - 1. Let h(o) = -2*o**2 - o + 1. Let n(s) = 7*h(s) + 3*z(s). Give n(6).
-2
Let q(r) = r**3 - r**2 + r + 1. Suppose n = 7*n - 6. Suppose d = -n, 4*f - 2*f - 2*d + 2 = 0. Give q(f).
-13
Suppose -4*c + 52 = -4*l, 0*c + 20 = -5*l - 4*c. Suppose -1 + 21 = 10*b. Let i(x) = -x**2 - 10 + 6*x + 3*x**b + 3*x**2 - 4*x**2. Determine i(l).
6
Suppose 2*x + 2*b + 24 = 0, -x - 12 = 4*b - 0. Let y be (-1 + x/(-8))*4. Let q(o) = -1 - o**2 - 5*o + y*o**2 - 1 + 0*o**2. Calculate q(6).
4
Suppose 2*g = -331 + 359. Suppose g*d - 40 = 24*d. Let c(z) = z**3 + 3*z**2 - 4*z - 4. Calculate c(d).
-4
Let l be 4/(-20) + 80/25. Let x(a) = -3 - l*a - 8*a**2 + a + 2 + 0*a. Calculate x(-1).
-7
Let g(j) = 6*j + 27. Let u(t) = 2*t + 9. Suppose -2*y - 3*y + 20 = 0. Suppose -3*n - x - 11 = -y*n, 5 = n + x. Let h(s) = n*u(s) - 3*g(s). Determine h(-6).
3
Let s(w) = -w**2 + 4*w - 2. Let l(h) = 3*h**2 - 14*h + 7. Suppose -9*j = -15 + 33. Let f(x) = j*l(x) - 7*s(x). Give f(-4).
16
Let k(m) = 7*m - 6 - 2*m + 5 - 14. Calculate k(11).
40
Let p(o) = 3*o**3 - 14*o**2 + 11*o + 14. Let q(w) = -2*w**3 + 9*w**2 - 7*w - 9. Let y(a) = -5*p(a) - 8*q